{"id":79,"date":"2014-10-27T14:07:48","date_gmt":"2014-10-27T13:07:48","guid":{"rendered":"http:\/\/www.sc-hoehenrain.de\/go2\/?page_id=79"},"modified":"2018-10-30T20:18:35","modified_gmt":"2018-10-30T19:18:35","slug":"jugendfoerderverein","status":"publish","type":"page","link":"http:\/\/www.sc-hoehenrain.de\/go2\/?page_id=79","title":{"rendered":"Jugendf\u00f6rderverein"},"content":{"rendered":"<p align=\"left\">Liebe Fu\u00dfballfreunde,<\/p>\n<p>um den Jugendfu\u00dfball in H\u00f6henrain noch attraktiver zu gestalten wurde zur finanziellen Unterst\u00fctzung der F\u00f6rderverein gegr\u00fcndet (eingetragen im Vereinsregister).<\/p>\n<p>Wir f\u00f6rdern u. a. in enger Zusammenarbeit mit den Jugendleitern und Trainern:<\/p>\n<p>&#8211; Trainingsger\u00e4te (Fu\u00dfb\u00e4lle, Tore, Trikots, Trainingsparcour, u.s.w.)<br \/>\n&#8211; Trainingslager<br \/>\n&#8211; Bezuschussung von Fahrten, sportlichen Veranstaltungen etc.<\/p>\n<p>Dies alles kann nur verwirklicht werden mit Eurer Beteiligung, Eurer Mitwirkung. F\u00fcr Spenden k\u00f6nnen wir Quittungen ausstellen, Sie k\u00f6nnen aber auch Mitglied werden.<\/p>\n<p>Spenden mit Angabe Ihrer Adresse (Verwendungszweck) auf unser Konto bei der VB-RB Mangfalltal-Rosenheim. IBAN: DE60 7116 0000 0003 2250 97, BIC: GENODEF1VRR<\/p>\n<p>Ausgef\u00fcllte Mitgliedsantr\u00e4ge (<a href=\"http:\/\/www.sc-hoehenrain.de\/go2\/wp-content\/uploads\/beitrittserklarungjfva4.pdf\" target=\"_blank\">Download<\/a>) bitte bei den Trainern abgeben.<\/p>\n<p>Der Beitrag betr\u00e4gt nur 12,\u2013 EUR im Jahr.<\/p>\n<p>Die Vorstandschaft<\/p>\n","protected":false},"excerpt":{"rendered":"<p>Liebe Fu\u00dfballfreunde, um den Jugendfu\u00dfball in H\u00f6henrain noch attraktiver zu gestalten wurde zur finanziellen Unterst\u00fctzung der F\u00f6rderverein gegr\u00fcndet (eingetragen im Vereinsregister). Wir f\u00f6rdern u. a. in enger Zusammenarbeit mit den Jugendleitern und Trainern: &#8211; Trainingsger\u00e4te (Fu\u00dfb\u00e4lle, Tore, Trikots, Trainingsparcour, u.s.w.) &#8211; Trainingslager &#8211; Bezuschussung von Fahrten, sportlichen Veranstaltungen etc. Dies alles kann nur verwirklicht werden [&hellip;]<\/p>\n","protected":false},"author":1,"featured_media":0,"parent":59,"menu_order":0,"comment_status":"closed","ping_status":"closed","template":"","meta":{"footnotes":""},"class_list":["post-79","page","type-page","status-publish","hentry"],"_links":{"self":[{"href":"http:\/\/www.sc-hoehenrain.de\/go2\/index.php?rest_route=\/wp\/v2\/pages\/79","targetHints":{"allow":["GET"]}}],"collection":[{"href":"http:\/\/www.sc-hoehenrain.de\/go2\/index.php?rest_route=\/wp\/v2\/pages"}],"about":[{"href":"http:\/\/www.sc-hoehenrain.de\/go2\/index.php?rest_route=\/wp\/v2\/types\/page"}],"author":[{"embeddable":true,"href":"http:\/\/www.sc-hoehenrain.de\/go2\/index.php?rest_route=\/wp\/v2\/users\/1"}],"replies":[{"embeddable":true,"href":"http:\/\/www.sc-hoehenrain.de\/go2\/index.php?rest_route=%2Fwp%2Fv2%2Fcomments&post=79"}],"version-history":[{"count":5,"href":"http:\/\/www.sc-hoehenrain.de\/go2\/index.php?rest_route=\/wp\/v2\/pages\/79\/revisions"}],"predecessor-version":[{"id":422,"href":"http:\/\/www.sc-hoehenrain.de\/go2\/index.php?rest_route=\/wp\/v2\/pages\/79\/revisions\/422"}],"up":[{"embeddable":true,"href":"http:\/\/www.sc-hoehenrain.de\/go2\/index.php?rest_route=\/wp\/v2\/pages\/59"}],"wp:attachment":[{"href":"http:\/\/www.sc-hoehenrain.de\/go2\/index.php?rest_route=%2Fwp%2Fv2%2Fmedia&parent=79"}],"curies":[{"name":"wp","href":"https:\/\/api.w.org\/{rel}","templated":true}]}}